y + 12. Determine j(5).
-8
Let u(r) = r**2 - r + 1. Determine u(2).
3
Let u(d) = -3*d**2 + 2*d - 5. Calculate u(7).
-138
Let m(y) = -y + 16. Calculate m(-16).
32
Let c(v) = v**3 - 14*v**2 + 7*v + 8. Give c(13).
-70
Let r(a) = 21*a - 173. Give r(8).
-5
Let x(o) = -o**2 + 2*o + 47. Calculate x(11).
-52
Let a(j) = j**2 - 14*j + 8. Calculate a(10).
-32
Let k(w) = 3*w - 5. Calculate k(-8).
-29
Let t(w) = -w - 30. Give t(20).
-50
Let h(l) = -2*l - 14. What is h(-23)?
32
Let h(o) = -o**2 + o - 2. What is h(-3)?
-14
Let a(s) = 3*s**2 + 22*s + 37. Determine a(-4).
-3
Let c(o) = -2*o**2 + 17*o - 21. Determine c(7).
0
Let a(z) = z + 50. What is a(20)?
70
Let w(o) = o**2 + 6*o - 7. Determine w(5).
48
Let u(l) = 3*l + 21. Calculate u(-7).
0
Let t(v) = -v**2 - 2*v - 1. Calculate t(3).
-16
Let j(x) = -x**2 - 5*x - 70. What is j(0)?
-70
Let t(a) = -3*a - 35. Give t(-16).
13
Let s(z) = z - 3. Calculate s(12).
9
Let h(f) = -f**3 + 13*f**2 - 10*f - 5. Give h(12).
19
Let c(o) = -o**3 + 9*o**2 - 2. What is c(9)?
-2
Let j(s) = -s**3 + 3*s**2 + s + 2. Calculate j(3).
5
Let j(d) = -d**3 - 7*d**2 - 3*d. Give j(-6).
-18
Let n(c) = 3*c**2 - 5*c. What is n(3)?
12
Let c(y) = -y**3 + 7*y**2 - 12*y - 1. Determine c(5).
-11
Let o(r) = 2*r**2 + 28*r + 10. What is o(-13)?
-16
Let t(r) = -r**2 - 10*r + 4. Give t(-10).
4
Let c(q) = -28*q - 126. Give c(-5).
14
Let h(n) = n**3 + 33*n**2 - 69*n + 43. Determine h(-35).
8
Let l(d) = 3*d**3 + 2*d**2 + 4. Determine l(-3).
-59
Let a(s) = s**2 - 6*s - 6. Give a(7).
1
Let h(x) = -x**2 - 14*x + 26. Give h(-15).
11
Let p(a) = -a + 39. What is p(22)?
17
Let w(s) = -60*s + 185. What is w(3)?
5
Let z(n) = 4*n + 61. Calculate z(-13).
9
Let g(d) = d**3 + 5*d**2 + 7*d + 5. Determine g(-4).
-7
Let b(c) = -19*c**2 - 11*c + 1. What is b(-1)?
-7
Let r(d) = -8*d - 102. Determine r(-12).
-6
Let n(i) = i**3 + 13*i**2 - 12*i - 8. Determine n(-14).
-36
Let p(q) = 18*q**2 + q. Determine p(-1).
17
Let i(c) = 2*c**2 + 19*c + 7. Calculate i(-12).
67
Let z(f) = -f + 26. Calculate z(-16).
42
Let y(k) = -4*k**2 + 7*k - 9. Calculate y(5).
-74
Let a(x) = x**2 - 6*x + 3. What is a(3)?
-6
Let n(u) = 2*u**3 + 2*u**2 - 15*u - 17. Give n(-5).
-142
Let j(x) = 22*x + 6. Calculate j(-1).
-16
Let d(q) = -q**2 - 2*q + 8. Calculate d(-4).
0
Let t(p) = -p**3 + 8*p**2 + 21*p - 5. What is t(10)?
5
Let w(i) = -i**3 + 6*i**2 - 6. Give w(5).
19
Let p(i) = i**2 - 5*i - 3. What is p(-3)?
21
Let j(c) = -c**3 - 3*c**2 + 5*c. What is j(-4)?
-4
Let l(h) = -2*h**3 + 25*h**2 + 16*h - 43. Determine l(13).
-4
Let m(i) = i**2 + 26*i + 94. What is m(-22)?
6
Let f(t) = -2*t**3 - 21*t**2 + 12*t - 13. Determine f(-10).
-233
Let i(k) = k**3 + 3*k**2 - 10*k - 1. Calculate i(-5).
-1
Let l(s) = 3*s**2 - 2*s - 8. Give l(6).
88
Let w(o) = o**2 + 15*o + 13. Calculate w(-15).
13
Let g(p) = -p**3 + 11*p**2 + 12*p - 7. Calculate g(12).
-7
Let j(d) = -d**3 + 6*d**2 - 12*d + 10. Calculate j(4).
-6
Let t(r) = 2*r**2 + 12*r + 23. What is t(-2)?
7
Let h(c) = 13*c - 53. Determine h(8).
51
Let m(l) = l**2 - l + 32. Give m(0).
32
Let h(y) = y**2 - 7*y - 2. What is h(5)?
-12
Let c(x) = -x**2 + x + 4. Give c(4).
-8
Let s(i) = -i**2 + 5*i. Determine s(6).
-6
Let v(a) = -2*a**2 - 4*a - 11. Determine v(-6).
-59
Let u(f) = -2*f**2 - 3*f + 6. Calculate u(2).
-8
Let k(m) = -m**3 + 8. Give k(0).
8
Let d(b) = -4*b - 2. Calculate d(5).
-22
Let a(v) = -v**3 + v**2 - v + 61. Calculate a(0).
61
Let y(q) = -2*q**2 + 15*q + 8. Determine y(8).
0
Let s(z) = -z - 2. What is s(12)?
-14
Let n(i) = -2*i**3 + i + 1. Determine n(2).
-13
Let l(o) = o**2 + 9*o - 3. Determine l(-9).
-3
Let l(o) = 6*o + 2. Calculate l(-3).
-16
Let h(b) = b**3 - 8*b**2 + 16*b - 14. Determine h(4).
-14
Let w(i) = -i**2 + 25*i + 41. Give w(27).
-13
Let w(d) = 16*d - 6. Calculate w(3).
42
Let j(i) = i**3 - 7*i**2 - 12*i + 18. Calculate j(8).
-14
Let y(h) = 6*h - 80. What is y(13)?
-2
Let m(c) = -26*c - 343. Calculate m(-13).
-5
Let y(z) = -3*z + 5. Determine y(4).
-7
Let c(p) = -p**3 - 6*p**2 + 4*p + 4. Give c(-7).
25
Let s(w) = -w**3 - 17*w**2 - 42*w - 18. Give s(-14).
-18
Let i(s) = -s**3 - 11*s**2 - 6*s - 2. What is i(-4)?
-90
Let o(b) = -2*b**2 - 3*b + 34. Calculate o(-4).
14
Let w(j) = j + 19. Determine w(-20).
-1
Let y(d) = -d**3 - 2*d**2 + 5*d + 12. Determine y(-2).
2
Let r(b) = -b - 19. What is r(0)?
-19
Let a(z) = 10*z + 16. Give a(-10).
-84
Let q(p) = p**3 - 11*p**2 + p. Give q(11).
11
Let p(o) = 8*o - 49. Give p(6).
-1
Let n(x) = -3*x - 37. Calculate n(-12).
-1
Let l(g) = g**2 - 5*g + 5. What is l(13)?
109
Let o(a) = -a**2 - 6*a + 5. Calculate o(-6).
5
Let q(w) = w - 5. Give q(9).
4
Let l(d) = 3*d**2 + 17*d + 39. Determine l(-3).
15
Let l(z) = -z**3 - 15*z**2 + 16*z + 13. Calculate l(-16).
13
Let r(k) = k**2 + 3*k - 6. Give r(-5).
4
Let i(u) = 5*u + 14. What is i(9)?
59
Let g(j) = -2*j + 2. Calculate g(7).
-12
Let s(j) = 3*j - 13. Calculate s(5).
2
Let z(v) = v**3 + 3*v**2 - 2*v + 4. Determine z(3).
52
Let n(p) = -4*p + 16. Give n(5).
-4
Let t(n) = n**3 - 13*n**2 - 7*n + 86. What is t(13)?
-5
Let b(i) = 12*i**2 - i - 2. What is b(-1)?
11
Let w(s) = -s**2 - 12*s - 22. Determine w(-11).
-11
Let s(n) = -n**3 + 19*n**2 + 18*n + 38. Give s(20).
-2
Let p(w) = w**2 + 6*w + 2. Calculate p(-5).
-3
Let n(j) = -j**3 - 4*j**2 + 7*j - 9. What is n(-7)?
89
Let m(f) = f - 24. What is m(6)?
-18
Let t(m) = 74*m**3 + m**2 + 3*m + 2. Give t(-1).
-74
Let a(x) = -x**3 - 7. Determine a(-3).
20
Let f(t) = -t**3 + 45*t**2 + 95*t - 34. What is f(47)?
13
Let i(g) = g**3 + 6*g**2 - 3. Calculate i(-6).
-3
Let p(j) = 2*j**2 + 7. Calculate p(-3).
25
Let g(a) = -a**3 + 16*a**2 + 16*a + 2. Calculate g(17).
-15
Let a(t) = -t**2 + 2*t + 1. Calculate a(-2).
-7
Let p(t) = 7*t**2 - 24*t + 4. Determine p(4).
20
Let h(z) = -47*z + 16. Determine h(-2).
110
Let b(v) = v**2 + 8*v - 9. Give b(-9).
0
Let z(o) = -o**3 + 2*o**2 + o + 9. Calculate z(3).
3
Let b(n) = -n**3 - 15*n**2 - 8*n + 1. Calculate b(-14).
-83
Let i(w) = -2*w**2 - 14*w + 5. Determine i(-6).
17
Let l(o) = o. What is l(7)?
7
Let v(g) = -7*g + 3. What is v(-3)?
24
Let d(f) = -2*f**2 - 32*f - 56. Determine d(-14).
0
Let p(z) = 6*z + 4. Calculate p(-4).
-20
Let o(l) = 2*l - 72. Give o(38).
4
Let t(h) = h**3 + 4*h**2 - 59*h + 12. Calculate t(-10).
2
Let s(x) = -x**2 - 4*x + 3. Determine s(5).
-42
Let c(d) = -3*d + 60. Calculate c(16).
12
Let z(w) = 99*w + 989. Give z(-10).
-1
Let r(g) = g**2 - 12*g - 1. Determine r(12).
-1
Let z(u) = 4*u**2 + 79*u - 10. Calculate z(-20).
10
Let b(g) = g - 18. Determine b(13).
-5
Let g(a) = -2*a - 5. Determine g(-8).
11
Let r(j) = j**2 - 10*j + 14. Give r(9).
5
Let x(y) = 4*y**2 + 37*y - 27. Calculate x(-10).
3
Let y(i) = 5*i + 20. Determine y(-6).
-10
Let n(m) = -m**3 - 7*m**2 + 40. What is n(-7)?
40
Let f(l) = 6*l**2 - l. Calculate f(1).
5
Let l(p) = -p**3 - 9*p**2 - 5*p. Determine l(-8).
-24
Let r(u) = -5*u**2 - 2*u + 1. Calculate r(1).
-6
Let j(i) = -12*i + 3. What is j(1)?
-9
Let g(x) = -x + 13. Determine g(8).
5
Let g(r) = 2*r - 13. What is g(10)?
7
Let d(f) = 15*f - 140. Calculate d(9).
-5
Let u(v) = 44*v + 25. Determine u(-1).
-19
Let u(x) = 12*x - 173. Calculate u(16).
19
Let t(i) = -4*i - 46. Give t(-15).
14
Let u(m) = 53*m - 376. Give u(7).
-5
Let j(r) = r**3 + 7*r**2 - 4*r - 16. Give j(-7).
12
Let h(i) = i**3 + 4*i**2 - 27*i. What is h(-8)?
-40
Let r(p) = -26*p - 1. Determine r(1).
-27
Let h(r) = -3*r**3 + r - 6. Calculate h(-2).
16
Let z(g) = -51*g + 16. Calculate z(1).
-35
Let h(y) = y**3 - 15*y**2 - 14*y - 32. Determine h(16).
0
Let m(h) = h**3 + 17*h**2 + h + 25. Calculate m(-17).
8
Let u(b) = 2*b**3 - 12*b**2 + 9*b - 8. Calculate u(5).
-13
Let r(u) = -u**2 - 7*u + 11. Give r(-12).
-49
Let w(i) = 117*i + 823. Determine w(-7).
4
Let h(z) = z**3 + 10*z**2 + 9*z - 7. What is h(-8)?
49
Let y(n) = -42*n**2 + 3*n + 1. Give y(1).
-38
Let q(v) = -v**2 + 3*v + 30. What is q(10)?
-40
Let w(j) = 2*j + 5. What is w(-9)?
-13
Let l(r) = -r - 12. Calculate l(-7).
-5
Let u(b) = 6*b - 109. Give u(18).
-1
Let w(s) = s + 6. Give w(-4).
2
Let o(s) = 5*s + 5. Give o(-4).
-15
Let f(s) = -2*s**2 - 23*s + 35. What is f(-12)?
23
Let g(c) = 38*c + 2. Determine g(-1).
-36
Let l(q) = -2*q**2 + 16*q + 2. What is l(9)?
-16
Let a(h) = h**3 + 11*h**2 + 21*h + 28. Give a(-9).
1
Let t(w) = -3*w - 1. Determine t(